 of 326?
6
What is the units digit of 4058?
8
What is the units digit of 5550?
0
What is the hundreds digit of 4966?
9
What is the thousands digit of 3125?
3
What is the units digit of 38669?
9
What is the hundreds digit of 63158?
1
What is the hundreds digit of 5704?
7
What is the tens digit of 4204?
0
What is the thousands digit of 9654?
9
What is the thousands digit of 1607?
1
What is the units digit of 1603?
3
What is the thousands digit of 2760?
2
What is the ten thousands digit of 70626?
7
What is the thousands digit of 40640?
0
What is the tens digit of 585?
8
What is the units digit of 8369?
9
What is the hundreds digit of 1080?
0
What is the hundreds digit of 65513?
5
What is the thousands digit of 123504?
3
What is the tens digit of 12830?
3
What is the hundreds digit of 1626?
6
What is the units digit of 13752?
2
What is the units digit of 80356?
6
What is the units digit of 7306?
6
What is the tens digit of 762?
6
What is the units digit of 7158?
8
What is the units digit of 38981?
1
What is the tens digit of 64161?
6
What is the hundreds digit of 1890?
8
What is the thousands digit of 54956?
4
What is the hundreds digit of 2518?
5
What is the tens digit of 39049?
4
What is the ten thousands digit of 12373?
1
What is the hundreds digit of 385?
3
What is the tens digit of 88350?
5
What is the units digit of 4656?
6
What is the units digit of 3504?
4
What is the thousands digit of 1103?
1
What is the tens digit of 36725?
2
What is the thousands digit of 1045?
1
What is the ten thousands digit of 42612?
4
What is the units digit of 2505?
5
What is the thousands digit of 16719?
6
What is the units digit of 63689?
9
What is the units digit of 3646?
6
What is the thousands digit of 97681?
7
What is the hundreds digit of 3428?
4
What is the units digit of 2989?
9
What is the thousands digit of 93801?
3
What is the ten thousands digit of 23680?
2
What is the tens digit of 5090?
9
What is the thousands digit of 3849?
3
What is the tens digit of 10381?
8
What is the ten thousands digit of 23048?
2
What is the units digit of 32402?
2
What is the units digit of 349?
9
What is the hundreds digit of 3052?
0
What is the tens digit of 27?
2
What is the ten thousands digit of 50620?
5
What is the hundreds digit of 16565?
5
What is the units digit of 4965?
5
What is the tens digit of 929?
2
What is the hundreds digit of 136495?
4
What is the units digit of 1372?
2
What is the thousands digit of 1052?
1
What is the tens digit of 58970?
7
What is the tens digit of 755?
5
What is the units digit of 20541?
1
What is the thousands digit of 29805?
9
What is the units digit of 12325?
5
What is the tens digit of 1680?
8
What is the units digit of 389?
9
What is the thousands digit of 2004?
2
What is the hundreds digit of 4485?
4
What is the tens digit of 4373?
7
What is the thousands digit of 3063?
3
What is the thousands digit of 1037?
1
What is the thousands digit of 1171?
1
What is the units digit of 5706?
6
What is the hundreds digit of 31057?
0
What is the units digit of 76?
6
What is the ten thousands digit of 38043?
3
What is the tens digit of 1844?
4
What is the tens digit of 890?
9
What is the hundreds digit of 65058?
0
What is the units digit of 277?
7
What is the tens digit of 222?
2
What is the tens digit of 6084?
8
What is the hundreds digit of 23402?
4
What is the units digit of 68198?
8
What is the units digit of 39171?
1
What is the hundreds digit of 17856?
8
What is the thousands digit of 49516?
9
What is the hundreds digit of 2287?
2
What is the thousands digit of 1648?
1
What is the tens digit of 13?
1
What is the thousands digit of 14898?
4
What is the ten thousands digit of 52733?
5
What is the thousands digit of 4309?
4
What is the thousands digit of 30194?
0
What is the tens digit of 1270?
7
What is the units digit of 13803?
3
What is the thousands digit of 8666?
8
What is the units digit of 408?
8
What is the units digit of 9037?
7
What is the thousands digit of 1345?
1
What is the thousands digit of 18723?
8
What is the thousands digit of 15387?
5
What is the hundreds digit of 14039?
0
What is the thousands digit of 30876?
0
What is the tens digit of 928?
2
What is the hundreds digit of 11417?
4
What is the hundreds digit of 160353?
3
What is the hundreds digit of 32028?
0
What is the ten thousands digit of 24957?
2
What is the hundreds digit of 325?
3
What is the units digit of 274?
4
What is the thousands digit of 9486?
9
What is the thousands digit of 2555?
2
What is the units digit of 2731?
1
What is the units digit of 5183?
3
What is the hundreds digit of 454?
4
What is the units digit of 288?
8
What is the units digit of 46851?
1
What is the ten thousands digit of 76526?
7
What is the hundreds digit of 18101?
1
What is the thousands digit of 181045?
1
What is the thousands digit of 2793?
2
What is the tens digit of 628?
2
What is the hundreds digit of 84347?
3
What is the thousands digit of 7501?
7
What is the units digit of 1443?
3
What is the hundreds digit of 2259?
2
What is the ten thousands digit of 57316?
5
What is the units digit of 827?
7
What is the tens digit of 2874?
7
What is the units digit of 1225?
5
What is the tens digit of 14231?
3
What is the tens digit of 2047?
4
What is the hundreds digit of 130897?
8
What is the units digit of 544?
4
What is the thousands digit of 5093?
5
What is the tens digit of 3563?
6
What is the tens digit of 1974?
7
What is the tens digit of 18058?
5
What is the hundreds digit of 1476?
4
What is the thousands digit of 21776?
1
What is the tens digit of 3301?
0
What is the tens digit of 7398?
9
What is the tens digit of 3516?
1
What is the thousands digit of 10969?
0
What is the hundreds digit of 21055?
0
What is the hundreds digit of 168?
1
What is the thousands digit of 29564?
9
What is the tens digit of 75234?
3
What is the thousands digit of 6153?
6
What is the thousands digit of 16225?
6
What is the units digit of 4658?
8
What is the hundreds digit of 19393?
3
What is the tens digit of 20440?
4
What is the thousands digit of 9035?
9
What is the tens digit of 452?
5
What is the hundreds digit of 3003?
0
What is the ten thousands digit of 41285?
4
What is the hundreds digit of 1783?
7
What is the thousands digit of 13752?
3
What is the hundreds digit of 26785?
7
What is the tens digit of 67921?
2
What is the hundreds digit of 159485?
4
What is the hundreds digit of 3460?
4
What is the units digit of 678?
8
What is the thousands digit of 2272?
2
What is the ten thousands digit of 26074?
2
What is the units digit of 9504?
4
What is the units digit of 3973?
3
What is the units digit of 73176?
6
What is the tens digit of 32965?
6
What is the hundreds digit of 540?
5
What is the ten thousands digit of 168095?
6
What is the thousands digit of 21457?
1
What is the ten thousands digit of 48296?
4
What is the hundreds digit of 3202?
2
What is the hundreds digit of 25964?
9
What is the units digit of 20114?
4
What is the hundreds digit of 51945?
9
What is the ten thousands digit of 71287?
7
What is the hundreds digit of 1730?
7
What is the units digit of 975?
5
What is the tens digit of 47060?
6
What is the thousands digit of 1346?
1
What is the thousands digit of 1122?
1
What is the tens digit of 791?
9
What is the thousands digit of 1999?
1
What is the tens digit of 36560?
6
What is the thousands digit of 8356?
8
What is the units digit of 1821?
1
What is the tens digit of 703?
0
What is the hundreds digit of 1437?
4
What is the thousands digit of 143239?
3
What is the tens digit of 427?
2
What is the hundreds digit of 93115?
1
What is the hundreds digit of 465?
4
What is the units digit of 12739?
9
What is the ten thousands digit of 39876?
3
What is the hundreds digit of 2428?
4
What is the tens digit of 3708?
0
What is the thousands digit of 3501?
3
What is the tens digit of 454?
5
What is the units digit of 1044?
4
What is the thousands digit of 2771?
2
What is the units digit of 27308?
8
What is the hundreds digit of 462?
4
What is the tens digit of 1147?
4
What is the units digit of 259?
9
What is the thousands digit of 2305?
2
What is the tens digit of 2993?
9
What is the hundreds digit of 69443?
4
What is the tens digit of 59?
5
What is the units digit of 1007?
7
What is the te